 1656 and 874?
46
Calculate the highest common factor of 40110 and 12810.
210
Calculate the greatest common factor of 10 and 3364.
2
Calculate the highest common factor of 602 and 209454.
14
What is the highest common factor of 18984 and 672?
168
Calculate the greatest common divisor of 63 and 157444.
7
Calculate the highest common factor of 37 and 384467.
37
Calculate the highest common factor of 575 and 158525.
25
Calculate the greatest common divisor of 227 and 336414.
227
What is the highest common divisor of 1288422 and 1488?
186
What is the highest common factor of 214 and 395686?
214
What is the highest common factor of 19580 and 104575?
445
What is the greatest common factor of 18 and 273069?
9
What is the highest common factor of 12 and 58180?
4
What is the highest common factor of 55236 and 24?
12
Calculate the greatest common divisor of 9240 and 2552.
88
What is the highest common factor of 26580 and 180?
60
What is the highest common divisor of 867944 and 770?
154
What is the highest common factor of 4774 and 4340?
434
Calculate the highest common factor of 96 and 4381536.
96
Calculate the greatest common factor of 650 and 55700.
50
Calculate the greatest common factor of 14781 and 182.
13
Calculate the highest common factor of 30952 and 1272.
424
What is the highest common divisor of 2241 and 228084?
249
Calculate the greatest common divisor of 540 and 25812.
108
Calculate the highest common divisor of 4338 and 306.
18
What is the greatest common divisor of 405256 and 1415?
283
Calculate the greatest common divisor of 4957 and 43.
1
What is the greatest common divisor of 1439864 and 1688?
1688
Calculate the greatest common divisor of 2725 and 750.
25
Calculate the greatest common divisor of 872 and 99896.
8
Calculate the greatest common factor of 294 and 491323.
49
Calculate the greatest common divisor of 1476 and 133578.
738
Calculate the greatest common divisor of 557227 and 6802.
179
What is the greatest common divisor of 149655 and 1815?
165
Calculate the greatest common factor of 171 and 198360.
171
Calculate the highest common factor of 98040 and 3010.
430
What is the highest common factor of 1326 and 136734?
78
What is the highest common factor of 18 and 17451?
9
What is the greatest common factor of 30176 and 391?
23
Calculate the highest common factor of 2 and 42002.
2
What is the highest common divisor of 38698 and 88?
22
What is the greatest common factor of 44 and 628540?
44
What is the highest common divisor of 229108 and 44?
44
What is the highest common factor of 1675746 and 18?
18
What is the highest common factor of 120 and 141400?
40
Calculate the greatest common divisor of 17750 and 3300.
50
Calculate the highest common divisor of 20808 and 1715793.
867
What is the greatest common factor of 117 and 60801?
39
What is the greatest common divisor of 3663 and 135?
9
Calculate the greatest common divisor of 4554 and 434654.
506
What is the highest common factor of 204 and 252348?
204
What is the greatest common factor of 1415118 and 8312?
2078
Calculate the highest common factor of 64625 and 1225.
25
What is the highest common factor of 141083 and 1161?
43
What is the greatest common divisor of 1055 and 39246?
211
Calculate the greatest common divisor of 159 and 44573.
53
Calculate the greatest common factor of 12 and 47118.
6
Calculate the greatest common divisor of 48200 and 5400.
200
What is the greatest common factor of 14081 and 19?
1
Calculate the greatest common divisor of 27777 and 705.
141
Calculate the highest common factor of 486 and 66825.
243
Calculate the highest common factor of 77 and 288739.
11
What is the greatest common factor of 676038 and 2046?
66
What is the highest common divisor of 61826 and 38?
38
Calculate the greatest common factor of 4789800 and 60.
60
Calculate the highest common divisor of 685 and 277973.
137
Calculate the highest common factor of 1484 and 13568.
212
Calculate the greatest common factor of 888 and 11029848.
888
What is the greatest common divisor of 63316 and 20?
4
Calculate the greatest common factor of 387 and 63.
9
Calculate the greatest common factor of 2925 and 52975.
325
Calculate the highest common divisor of 12 and 31938.
6
Calculate the greatest common divisor of 1836 and 4964.
68
Calculate the greatest common divisor of 2070 and 8415.
45
Calculate the greatest common divisor of 3510 and 8640.
270
What is the highest common divisor of 676553 and 177?
59
Calculate the highest common factor of 1432 and 171124.
716
Calculate the greatest common divisor of 249525 and 450.
225
Calculate the highest common factor of 13104 and 14616.
504
Calculate the greatest common factor of 91107 and 243.
9
Calculate the greatest common divisor of 132965 and 70.
35
Calculate the highest common factor of 250354 and 52.
26
Calculate the greatest common divisor of 83 and 47061.
83
What is the highest common factor of 3684 and 32892?
12
Calculate the highest common factor of 3496 and 91504.
152
Calculate the greatest common factor of 89 and 815329.
89
What is the highest common divisor of 5890 and 380?
190
Calculate the highest common divisor of 135954 and 12.
6
What is the highest common factor of 1463532 and 2128?
532
What is the highest common factor of 11191 and 713?
31
Calculate the greatest common divisor of 88240 and 4320.
80
Calculate the highest common factor of 218 and 415072.
218
What is the greatest common factor of 2860 and 1045?
55
Calculate the highest common factor of 89 and 132521.
89
What is the highest common divisor of 35550 and 300?
150
What is the greatest common factor of 9785 and 114?
19
What is the highest common factor of 4926657 and 411?
411
Calculate the highest common divisor of 496 and 94550.
62
Calculate the greatest common factor of 28 and 54124.
28
Calculate the greatest common divisor of 5940437 and 31.
31
Calculate the highest common factor of 1 and 55680.
1
What is the highest common factor of 11 and 106997?
11
What is the highest common factor of 8 and 20013?
1
Calculate the greatest common factor of 8814 and 1716.
78
Calculate the highest common factor of 48087 and 1534.
13
What is the highest common factor of 185784 and 24?
24
Calculate the greatest common divisor of 28215 and 5035.
95
Calculate the greatest common factor of 596178 and 132.
66
What is the greatest common divisor of 115064 and 456?
152
Calculate the greatest common divisor of 144060 and 60.
60
What is the highest common factor of 188328 and 256?
8
What is the highest common factor of 6640 and 3901?
83
What is the greatest common factor of 1976 and 3273244?
988
Calculate the highest common divisor of 262377 and 69.
3
Calculate the highest common factor of 261548 and 336.
28
Calculate the highest common factor of 124 and 222487.
31
What is the highest common factor of 459 and 20366?
17
Calculate the greatest common divisor of 1854 and 32342.
206
What is the highest common divisor of 55 and 197076?
11
Calculate the highest common factor of 3174 and 690.
138
What is the greatest common divisor of 532 and 8520379?
133
Calculate the highest common factor of 2176364 and 9772.
1396
Calculate the greatest common factor of 2337 and 171954.
123
What is the highest common divisor of 136524 and 48?
12
Calculate the highest common factor of 517655 and 1045.
95
Calculate the highest common factor of 54614 and 83.
83
What is the highest common divisor of 62025 and 950?
25
Calculate the highest common divisor of 12856 and 184.
8
What is the greatest common divisor of 1576691 and 31?
31
Calculate the highest common factor of 16608 and 768.
96
What is the greatest common factor of 39962 and 133666?
1378
Calculate the greatest common factor of 5 and 168277.
1
Calculate the highest common factor of 1475 and 6950.
25
Calculate the greatest common factor of 42 and 82922.
14
What is the greatest common factor of 46059 and 2847?
39
What is the highest common factor of 24 and 739?
1
What is the greatest common factor of 123 and 90487?
41
What is the greatest common divisor of 299 and 338?
13
Calculate the highest common factor of 32277 and 1449.
21
What is the greatest common factor of 3618640 and 32?
16
Calculate the greatest common divisor of 600561 and 6372.
1593
Calculate the highest common factor o